common divisor of 238 and 323.
17
What is the highest common factor of 150 and 325?
25
What is the highest common divisor of 255 and 2835?
15
Calculate the highest common divisor of 14587 and 232.
29
What is the greatest common factor of 68 and 187?
17
Calculate the highest common factor of 1363 and 752.
47
Calculate the greatest common factor of 100 and 1060.
20
Calculate the greatest common factor of 2848 and 32.
32
Calculate the greatest common factor of 60 and 960.
60
Calculate the highest common factor of 9117 and 9.
9
Calculate the greatest common divisor of 837 and 351.
27
Calculate the greatest common factor of 14 and 7042.
14
Calculate the highest common factor of 39 and 91.
13
Calculate the greatest common divisor of 22827 and 21.
21
Calculate the highest common factor of 592 and 80.
16
What is the greatest common factor of 20 and 260?
20
Calculate the greatest common divisor of 192 and 1648.
16
Calculate the greatest common factor of 9 and 1020.
3
What is the highest common factor of 3552 and 111?
111
What is the highest common divisor of 5 and 2965?
5
Calculate the greatest common divisor of 13 and 39.
13
Calculate the highest common factor of 1251 and 2641.
139
What is the greatest common divisor of 290 and 10?
10
Calculate the highest common factor of 285 and 16473.
57
What is the greatest common divisor of 1078 and 196?
98
What is the greatest common divisor of 1206 and 18?
18
What is the highest common factor of 205 and 5?
5
What is the highest common divisor of 3234 and 294?
294
What is the greatest common divisor of 330 and 1221?
33
Calculate the greatest common divisor of 177 and 6195.
177
Calculate the greatest common divisor of 1216 and 64.
64
Calculate the greatest common divisor of 4613 and 7.
7
Calculate the greatest common factor of 1026 and 18.
18
Calculate the greatest common factor of 319 and 1160.
29
Calculate the highest common factor of 969 and 51.
51
Calculate the highest common factor of 140 and 805.
35
Calculate the greatest common factor of 90 and 144.
18
What is the highest common factor of 54 and 762?
6
Calculate the greatest common divisor of 89 and 712.
89
Calculate the greatest common divisor of 2316 and 84.
12
What is the highest common factor of 3744 and 108?
36
Calculate the highest common factor of 260 and 1872.
52
What is the highest common divisor of 2160 and 324?
108
Calculate the highest common factor of 392 and 882.
98
What is the highest common divisor of 23 and 71?
1
Calculate the greatest common factor of 21 and 245.
7
Calculate the greatest common factor of 114 and 418.
38
Calculate the highest common divisor of 132 and 5753.
11
Calculate the greatest common divisor of 32 and 184.
8
What is the greatest common divisor of 9 and 153?
9
Calculate the highest common divisor of 1128 and 24.
24
Calculate the highest common factor of 14 and 34.
2
What is the greatest common factor of 17 and 3077?
17
What is the highest common divisor of 525 and 20?
5
What is the highest common divisor of 77 and 22?
11
Calculate the greatest common factor of 90 and 8040.
30
What is the highest common factor of 48 and 330?
6
Calculate the greatest common divisor of 286 and 22.
22
Calculate the highest common divisor of 350 and 14.
14
Calculate the highest common factor of 29 and 4031.
29
Calculate the highest common divisor of 26 and 1274.
26
What is the highest common divisor of 189 and 207?
9
What is the highest common divisor of 630 and 490?
70
Calculate the greatest common factor of 62 and 4.
2
Calculate the greatest common divisor of 11 and 5.
1
Calculate the highest common divisor of 18 and 6246.
18
Calculate the highest common divisor of 3175 and 25.
25
Calculate the greatest common divisor of 78 and 6.
6
Calculate the greatest common divisor of 116 and 36163.
29
Calculate the highest common factor of 270 and 2889.
27
What is the greatest common factor of 195 and 1326?
39
Calculate the greatest common divisor of 17 and 391.
17
What is the greatest common factor of 14 and 175?
7
Calculate the greatest common factor of 136 and 374.
34
What is the highest common divisor of 114 and 76?
38
Calculate the greatest common factor of 13 and 3159.
13
Calculate the greatest common divisor of 1287 and 3.
3
What is the highest common divisor of 126 and 2415?
21
Calculate the highest common divisor of 132 and 165.
33
Calculate the greatest common divisor of 11 and 37.
1
Calculate the highest common factor of 24 and 132.
12
Calculate the highest common divisor of 50 and 850.
50
Calculate the greatest common divisor of 2123 and 772.
193
What is the highest common divisor of 36 and 20?
4
Calculate the highest common divisor of 155 and 20.
5
Calculate the highest common factor of 2170 and 124.
62
Calculate the highest common divisor of 888 and 24.
24
What is the highest common divisor of 30 and 4515?
15
Calculate the greatest common factor of 3 and 327.
3
Calculate the greatest common divisor of 1045 and 605.
55
What is the greatest common factor of 6354 and 18?
18
Calculate the highest common factor of 69 and 552.
69
What is the highest common factor of 20 and 73460?
20
Calculate the highest common factor of 495 and 18.
9
Calculate the greatest common divisor of 100 and 1100.
100
What is the highest common factor of 3330 and 225?
45
Calculate the greatest common factor of 90 and 225.
45
Calculate the highest common divisor of 3520 and 1024.
64
What is the greatest common factor of 104 and 871?
13
Calculate the greatest common factor of 21 and 12509.
7
Calculate the greatest common factor of 700 and 4000.
100
Calculate the greatest common factor of 486 and 216.
54
What is the greatest common divisor of 1 and 5?
1
What is the highest common factor of 7631 and 65?
13
What is the greatest common divisor of 209 and 19?
19
What is the greatest common divisor of 270 and 75?
15
Calculate the greatest common divisor of 9636 and 132.
132
Calculate the highest common divisor of 32 and 3408.
16
What is the greatest common factor of 10 and 18?
2
Calculate the greatest common factor of 980 and 1820.
140
What is the greatest common factor of 11 and 7513?
11
What is the highest common divisor of 22304 and 32?
32
What is the highest common factor of 52 and 910?
26
What is the greatest common factor of 8 and 824?
8
What is the highest common divisor of 168 and 144?
24
What is the greatest common factor of 24 and 162?
6
Calculate the highest common divisor of 2109 and 111.
111
What is the highest common divisor of 2538 and 162?
54
Calculate the greatest common factor of 27 and 471.
3
What is the greatest common factor of 144 and 324?
36
Calculate the greatest common divisor of 60 and 380.
20
What is the greatest common factor of 1 and 1?
1
What is the greatest common divisor of 70 and 182?
14
What is the highest common factor of 210 and 245?
35
What is the greatest common divisor of 4018 and 147?
49
Calculate the greatest common factor of 6281 and 198.
11
Calculate the greatest common divisor of 1 and 1.
1
What is the greatest common factor of 6477 and 51?
51
Calculate the greatest common factor of 9263 and 59.
59
What is the greatest common factor of 666 and 90?
18
Calculate the greatest common divisor of 24 and 10644.
12
Calculate the greatest common factor of 270 and 3942.
54
Calculate the highest common divisor of 639 and 923.
71
Calculate the highest common divisor of 99 and 429.
33
What is the highest common divisor of 6 and 7470?
6
Calculate the greatest common divisor of 4360 and 170.
10
What is the highest common divisor of 30 and 230?
10
What is the highest common divisor of 902 and 726?
22
Calculate the highest common factor of 32400 and 1600.
400
Calculate the highest common divisor of 1728 and 108.
108
Calculate the greatest common factor of 7 and 497.
7
Calculate the highest common divisor of 276 and 2415.
69
What is the greatest common divisor of 332 and 1826?
166
What is the highest common factor of 414 and 474?
6
What is the greatest common divisor of 450 and 144?
18
Calculate the highest common factor of 231 and 66.
33
Calculate the greatest common factor of 405 and 60.
15
Calculate the greatest common divisor of 176 and 2992.
176
What is the greatest common divisor of 60 and 45?
15
What is the greatest common factor of 124